nits digit of (256/(-20))/(q/(-10))?
8
Suppose 4*u = 9 + 3. Suppose 4*h + 2*t = 0, -u*h + 3*t + 2 = 4*t. Suppose 4*n - 32 = 5*i, 4 = h*n + 4*i + 14. What is the units digit of n?
3
Let r(g) = 7*g**2 + 4*g - 7. Let u be r(3). Suppose 2*v - 14 = -2*k, 4*v + u = 4*k - 0. What is the units digit of k?
2
Suppose 3*c = 2*h - 120, -65 - 115 = -3*h - 3*c. What is the units digit of h?
0
Suppose -7 = -2*f - 3*j, 2*f - 10 = -j - 3*j. What is the units digit of (56/24)/(f/(-18))?
2
Let a(n) = n**2 + 5*n - 4. Let x be a(-5). Let w(u) = -7*u + u**3 + u**2 - 5 + 3*u**2 + 3*u. What is the units digit of w(x)?
1
Let z(d) = 6*d**3 + d**2 - 3*d - 4. Let m(n) = 7*n**3 - 4*n - 3. Let o(a) = 2*m(a) - 3*z(a). What is the tens digit of o(-3)?
8
Let h(l) = 3*l**2 + 9*l + 2. Let n be h(-8). Suppose -9*p + 464 = n. What is the units digit of p?
8
Let c = -1208 + 2203. What is the units digit of c?
5
Suppose j - 2*j = 7. Let d be 1/(-3) + (-2)/(-6). What is the tens digit of (-182)/j - d/1?
2
Let r(p) be the second derivative of p**4/12 - 11*p**3/6 + 6*p**2 - 25*p. What is the units digit of r(-10)?
2
Let c(b) = 2*b + 11. Let m be c(-9). Let y = 9 + m. Suppose y*w - 10 = -4*p, -5 = -p + 2*w - 0. What is the units digit of p?
3
Suppose 3*g + c - 25 = g, 35 = 2*g + 3*c. Suppose -3 = 5*x - 23. Suppose -m + g = x*m. What is the units digit of m?
2
Suppose 276*i + 462 = 282*i. What is the tens digit of i?
7
Let m = -59 - -127. What is the tens digit of (-3)/3 - (m/(-1))/2?
3
Let n = 38 - 60. Let v = n + 50. What is the tens digit of v?
2
Let s be (-88)/(-3)*(-60)/(-8). Suppose 11*r - s = 7*r. Suppose 5 + r = 4*h. What is the units digit of h?
5
Let n(o) = -64*o - 7. Let a be n(-2). Let x = a - 62. What is the units digit of x?
9
Let z(p) = p**3 - 39*p**2 + 18*p + 175. What is the units digit of z(39)?
7
Let l(x) = 9*x - 39. Let b(c) = -4*c + 20. Let k(j) = 7*b(j) + 3*l(j). What is the units digit of k(18)?
5
Let f = -176 + 689. What is the tens digit of f?
1
Let q be ((-30)/65)/3 + (-2)/(-13). Suppose 5*w + 2*h - 248 = q, 4*h + 15 = w - 17. What is the tens digit of w?
4
Let f = -12 + 13. Let o(x) be the first derivative of 4*x**3 + x**2/2 - x + 2. What is the units digit of o(f)?
2
Suppose 5*p - p = 808. Suppose 20*d - p = 19*d. What is the units digit of d?
2
What is the tens digit of (144 + -280)*-1*2/2?
3
Let u(q) = -q**3 + 9*q**2 + 11. Suppose a - 8 = -3*n + 23, -2*n = -2*a - 10. What is the units digit of u(n)?
1
Suppose 4*h + 18 = 3*d, -5*d + 10*d - 5*h = 25. Suppose 0 = -5*q - 4*x + 2*x + 51, 0 = -d*q - 5*x + 33. What is the units digit of q?
9
Suppose 539 = l - 3*x, x = -4*l - x + 2212. What is the tens digit of l?
5
Suppose -t + 3*t = 4. Let s be 21/6*t + -3. Suppose 0 = -2*i - 4*c + 120, -s*i = -2*i - c - 130. What is the tens digit of i?
6
Suppose 4*n + 36 = -2*u, n - 3*u + 11 + 5 = 0. Suppose 5*p - 6 = -16. What is the units digit of ((-24)/(-5))/(p/n)?
4
Suppose -4 = -5*w - 24. Let o be 0*w/(1 - 5). Suppose -4*u - 2*n + 2 + 10 = o, 4*n - 15 = u. What is the units digit of u?
1
Let p(l) = 5*l**3 - l**2 + 2*l - 1. Let j be p(1). Suppose -2 = y - 4*z, 3*y - 2*y + j*z + 2 = 0. What is the tens digit of y/(2 - 35/17)?
3
Let k(i) = -i**3 + 26*i**2 + 78*i - 1. What is the units digit of k(-7)?
0
Let n(f) = -f**3 - 10*f**2 + 6*f - 17. What is the units digit of n(-11)?
8
Suppose -5*x = -1225 + 410. What is the tens digit of x?
6
Suppose 8 = 5*p - 12. Suppose 10 = 2*d, 0*d - 19 = p*z + d. Let m(r) = -r**2 - 7*r - 5. What is the units digit of m(z)?
1
What is the units digit of (3 + (-228)/(-10))/(5/25)?
9
Suppose 3*g - 20 - 34 = 0. Suppose -5*k = -67 - g. What is the tens digit of k?
1
Let b(n) = n**2 + 12*n - 5. Let p be b(-11). Let g = 9 + p. Let k(c) = c + 8. What is the units digit of k(g)?
1
Let f(g) = 23*g**2 + 36*g + 163. What is the thousands digit of f(-11)?
2
Suppose 3*n = -2*g + 19 + 9, -5*n = -5*g - 30. Let m(j) = -j + 3. Let a be m(6). Let t = n + a. What is the units digit of t?
5
What is the hundreds digit of (-2)/(-6) + (-96885)/(-135) + -1?
7
Let n = 7 + -4. Suppose -n*b = -b. Suppose 5*l - 5 = -3*w + 98, l + 2*w - 22 = b. What is the tens digit of l?
2
Suppose 0 = -5*p + 19 + 26. Suppose 0 = -a - 2*k - 12, 3*a + 2 = -2*k - 18. What is the units digit of a - -1 - p*-3?
4
Let o(x) = -x**3 + 7*x**2 + 6*x - 7. Let v be o(7). Let l be (2/5)/(1/v). Suppose 3*i + 20 = 7*i, i - l = -3*m. What is the units digit of m?
3
What is the units digit of (-18)/9*(-2013)/6?
1
Suppose 4*q + 14 = 26. Suppose -5*y - 2 = -y + 2*h, 1 = q*y + h. Suppose 0 = g - y*b - 3, -3*b = -4*g - 1 + 8. What is the units digit of g?
1
What is the tens digit of 25*3/((-60)/(-604))?
5
Let g = 16 + -17. Let s(l) = -3*l**2. Let a be s(-2). What is the tens digit of (-195)/a - g/(-4)?
1
Let f = -894 - -1542. What is the units digit of f?
8
Let l = 31 + -107. Let n = l - -98. What is the tens digit of n?
2
Let k(t) = -t**2 - 13*t. Let u be k(-12). Let c = u + 19. What is the tens digit of c?
3
Let l = 753 - -320. What is the tens digit of l?
7
Suppose 2*k - 4 = 3*k. What is the units digit of (k/7)/(4/(-98))?
4
Suppose 3*j = -0*r - 5*r + 3, 0 = -5*r + 2*j - 2. Suppose -2*p - 4*d + 112 = r, -3*p + 120 = 5*d - 44. What is the tens digit of p?
4
Let s(k) = -5*k + 1. Let z be s(4). Let t be 3 + (z - (2 - -1)). Let u = t - -34. What is the units digit of u?
5
Let v(u) = -u**2 - 25*u - 127. Let m be v(-14). Let y = -22 + 11. Let j = m + y. What is the units digit of j?
6
Suppose -u + 0*n + 25 = 3*n, -2*u + 5*n = -50. Suppose u - 1 = -3*v - 2*q, -q - 33 = 5*v. What is the units digit of v/4*(-638)/33?
9
Suppose -3*i - 5 = 4. What is the units digit of 28/12 + -3 - 122/i?
0
Suppose -132 = -6*s + 10*s. Let u = s - -44. What is the units digit of u?
1
What is the hundreds digit of 10/(-12) + (-64458)/(-108)?
5
Let m = 1870 - 849. What is the units digit of m?
1
Let h = 357 + -104. Suppose 4*f - 4 = 0, -2*m = 5*f - 2*f - h. What is the tens digit of m?
2
What is the hundreds digit of 1150 + 34 - (-16)/2?
1
Suppose 2*k + 11 - 3 = 0. What is the tens digit of k/((-6)/3)*(-26)/(-4)?
1
Let v be (-2)/8 - 65/(-20). Let t = 1 + v. Let q(f) = 7*f - 5. What is the units digit of q(t)?
3
Let o be 1 + (-3 - -2)*-5. Let p(w) = 2*w - 5*w**3 - 3*w**2 - 3 + w**3 - o*w. What is the tens digit of p(-2)?
2
Suppose 0 = -19*a + 15*a + 8. Suppose 2*z = a*o - 324, 0 = -3*o - 2*o - 4*z + 819. What is the tens digit of o?
6
Let y = -609 + 967. Suppose -2 - y = -5*t. What is the tens digit of t?
7
Let i(u) = -u**3 + u**2 + u + 43. Let h be i(0). Suppose -4*x - h = -179. Let f = x - 14. What is the tens digit of f?
2
Suppose 5*c - 5*h - 85 = 0, 27 = 2*c - 5*h - 7. Suppose -o = -4 - c. What is the units digit of 56/(-6)*o/(-14)?
4
What is the tens digit of ((-13)/(156/(-16)))/(4/1998)?
6
Let d be ((-2)/4)/((-3)/30). Suppose 14 = 3*n + 4*q, 0*q - 20 = -4*n - d*q. What is the tens digit of ((-16)/n)/((-16)/200)?
2
Let i(d) = 6*d**2 + 6*d - 5. Let w be i(-8). Let b = w - 211. Suppose 3*o + o - b = 0. What is the tens digit of o?
3
Let p = -1116 - -1924. What is the hundreds digit of p?
8
Let d be 630/4*18/15. What is the units digit of ((-22)/(-33))/(2/d)?
3
Let g(x) = x**2 - 4*x - 1. Let j be g(2). Let d = j - -13. Suppose -5*o + 79 = 2*c, 4*c - d + 0 = 0. What is the units digit of o?
5
Suppose -12 = -13*f + 7*f. Suppose 3*s = -15, f*b + b + 5*s = 161. What is the tens digit of b?
6
Suppose 0 = 45*y - 143115 - 92550. What is the hundreds digit of y?
2
Let q(k) = -1 + 3*k - 2 + 4*k**2 + 2 - 2*k. Let h be q(-1). Suppose -5*m = 2*s - 0*s - 150, 0 = -h*s. What is the units digit of m?
0
Suppose -1604 = -3*a + 2*n, -11*a + 2700 = -6*a + 2*n. What is the tens digit of a?
3
Suppose 5*v = -14 - 26. Let c(y) = -2*y + 4 + 3*y**2 + 5*y**2 + y**3 - 2*y + 3*y. What is the units digit of c(v)?
2
Suppose 0 = -z + 7 + 13. Suppose -3*a - 15 = 0, -3*a - z = -s - 0*a. Suppose 3*i - 107 = -s. What is the units digit of i?
4
Let u(p) = -p**3 + 3*p**2 + 6*p - 1. Suppose -3*r - r - t = 10, 2*r - t + 2 = 0. Let o be r*(6/(-3) + 0). What is the units digit of u(o)?
7
Suppose m = -2*m + s + 14, 4*m + 4*s + 8 = 0. Suppose -5*p + 600 = 4*n + 60, -m*p = n - 142. What is the units digit of n?
0
Suppose -7*v = -2*v - 145. Suppose -30*i + 67 = -v*i. What is t